{"id":241,"date":"2020-09-30T14:42:37","date_gmt":"2020-09-30T12:42:37","guid":{"rendered":"https:\/\/www.cndp-erpent-fondamental.be\/?page_id=241"},"modified":"2023-12-05T13:07:46","modified_gmt":"2023-12-05T12:07:46","slug":"fiche-absence-eleves","status":"publish","type":"page","link":"https:\/\/www.cndp-erpent-fondamental.be\/index.php\/fiche-absence-eleves\/","title":{"rendered":"Fiche absence \u00e9l\u00e8ve(s)"},"content":{"rendered":"<p>[et_pb_section fb_built=\u00a0\u00bb1&Prime; _builder_version=\u00a0\u00bb4.6.1&Prime; _module_preset=\u00a0\u00bbdefault\u00a0\u00bb background_color=\u00a0\u00bbrgba(0,0,0,0)\u00a0\u00bb hover_enabled=\u00a0\u00bb0&Prime; sticky_enabled=\u00a0\u00bb0&Prime;][et_pb_row column_structure=\u00a0\u00bb1_3,1_3,1_3&Prime; _builder_version=\u00a0\u00bb4.6.1&Prime; _module_preset=\u00a0\u00bbdefault\u00a0\u00bb][et_pb_column type=\u00a0\u00bb1_3&Prime; _builder_version=\u00a0\u00bb4.6.1&Prime; _module_preset=\u00a0\u00bbdefault\u00a0\u00bb][et_pb_text _builder_version=\u00a0\u00bb4.6.1&Prime; _module_preset=\u00a0\u00bbdefault\u00a0\u00bb inline_fonts=\u00a0\u00bbAcme\u00a0\u00bb]<\/p>\n<h3><span style=\"color: #e02b20;\"><strong><\/strong><\/span><\/h3>\n<h3><span style=\"color: #e02b20;\"><strong><\/strong><\/span><\/h3>\n<h3><span style=\"color: #e02b20;\"><strong><\/strong><\/span><\/h3>\n<h3><span style=\"color: #e02b20;\"><strong><\/strong><\/span><\/h3>\n<h3><span style=\"color: #e02b20;\"><strong><\/strong><\/span><\/h3>\n<h3><span style=\"color: #e02b20;\"><strong><\/strong><\/span><\/h3>\n<h3><span style=\"color: #e02b20;\"><strong><\/strong><\/span><\/h3>\n<h3><span style=\"color: #e02b20;\"><strong><\/strong><\/span><\/h3>\n<h3><span style=\"color: #e02b20;\"><strong><\/strong><\/span><\/h3>\n<h3><span style=\"color: #e02b20;\"><strong><\/strong><\/span><\/h3>\n<h3><span style=\"color: #e02b20;\"><strong><\/strong><\/span><\/h3>\n<h3><span style=\"color: #e02b20;\"><strong><\/strong><\/span><\/h3>\n<h1 style=\"text-align: center;\"><span style=\"color: #e02b20; font-family: Acme; font-weight: normal;\"><strong>Justificatif d&rsquo;absence <\/strong><\/span><\/h1>\n<h1 style=\"text-align: center;\"><span style=\"color: #e02b20; font-family: Acme; font-weight: normal;\"><strong>d&rsquo;un jour et plus<\/strong><\/span><\/h1>\n<p>[\/et_pb_text][\/et_pb_column][et_pb_column type=\u00a0\u00bb1_3&Prime; _builder_version=\u00a0\u00bb4.6.1&Prime; _module_preset=\u00a0\u00bbdefault\u00a0\u00bb][et_pb_text _builder_version=\u00a0\u00bb4.6.1&Prime; _module_preset=\u00a0\u00bbdefault\u00a0\u00bb background_enable_image=\u00a0\u00bboff\u00a0\u00bb text_orientation=\u00a0\u00bbcenter\u00a0\u00bb link_option_url=\u00a0\u00bbhttps:\/\/www.cndp-erpent-fondamental.be\/wp-content\/uploads\/2020\/12\/Justificatif-dabsence-new.pdf\u00a0\u00bb]<\/p>\n<h3><strong>T\u00e9l\u00e9charger le document<\/strong><\/h3>\n<h3><strong>d&rsquo;Erpent<\/strong><\/h3>\n<p>[\/et_pb_text][et_pb_image src=\u00a0\u00bbhttps:\/\/www.cndp-erpent-fondamental.be\/wp-content\/uploads\/2020\/12\/Justificatif-dabsence-new-pdf.jpg\u00a0\u00bb title_text=\u00a0\u00bbJustificatif d&rsquo;absence new\u00a0\u00bb url=\u00a0\u00bbhttps:\/\/www.cndp-erpent-fondamental.be\/wp-content\/uploads\/2020\/12\/Justificatif-dabsence-new.pdf\u00a0\u00bb _builder_version=\u00a0\u00bb4.6.1&Prime; _module_preset=\u00a0\u00bbdefault\u00a0\u00bb width=\u00a0\u00bb60%\u00a0\u00bb][\/et_pb_image][\/et_pb_column][et_pb_column type=\u00a0\u00bb1_3&Prime; _builder_version=\u00a0\u00bb4.6.1&Prime; _module_preset=\u00a0\u00bbdefault\u00a0\u00bb][et_pb_text _builder_version=\u00a0\u00bb4.6.1&Prime; _module_preset=\u00a0\u00bbdefault\u00a0\u00bb link_option_url=\u00a0\u00bbhttps:\/\/www.cndp-erpent-fondamental.be\/wp-content\/uploads\/2021\/01\/Justificatif-dabsence-new-PCG.pdf\u00a0\u00bb hover_enabled=\u00a0\u00bb0&Prime; sticky_enabled=\u00a0\u00bb0&Prime;]<\/p>\n<h3 style=\"text-align: center;\"><strong>T\u00e9l\u00e9charger le document\u00a0<\/strong><\/h3>\n<h3 style=\"text-align: center;\"><strong style=\"font-size: 20px;\">du Petit Coll\u00e8ge de Godinne<\/strong><\/h3>\n<p>[\/et_pb_text][et_pb_image src=\u00a0\u00bbhttps:\/\/www.cndp-erpent-fondamental.be\/wp-content\/uploads\/2021\/01\/Justificatif-dabsence-new-PCG-pdf.jpg\u00a0\u00bb title_text=\u00a0\u00bbJustificatif d&rsquo;absence new PCG\u00a0\u00bb url=\u00a0\u00bbhttps:\/\/www.cndp-erpent-fondamental.be\/wp-content\/uploads\/2021\/01\/Justificatif-dabsence-new-PCG.pdf\u00a0\u00bb _builder_version=\u00a0\u00bb4.6.1&Prime; _module_preset=\u00a0\u00bbdefault\u00a0\u00bb width=\u00a0\u00bb60%\u00a0\u00bb hover_enabled=\u00a0\u00bb0&Prime; sticky_enabled=\u00a0\u00bb0&Prime;][\/et_pb_image][\/et_pb_column][\/et_pb_row][et_pb_row column_structure=\u00a0\u00bb1_3,1_3,1_3&Prime; _builder_version=\u00a0\u00bb4.6.1&Prime; _module_preset=\u00a0\u00bbdefault\u00a0\u00bb][et_pb_column type=\u00a0\u00bb1_3&Prime; _builder_version=\u00a0\u00bb4.6.1&Prime; _module_preset=\u00a0\u00bbdefault\u00a0\u00bb][et_pb_text _builder_version=\u00a0\u00bb4.6.1&Prime; _module_preset=\u00a0\u00bbdefault\u00a0\u00bb inline_fonts=\u00a0\u00bbAcme\u00a0\u00bb]<\/p>\n<h3><strong><span style=\"color: #e02b20;\"><\/span><\/strong><\/h3>\n<h3><strong><span style=\"color: #e02b20;\"><\/span><\/strong><\/h3>\n<h3><strong><span style=\"color: #e02b20;\"><\/span><\/strong><\/h3>\n<h3><strong><span style=\"color: #e02b20;\"><\/span><\/strong><\/h3>\n<h3><strong><span style=\"color: #e02b20;\"><\/span><\/strong><\/h3>\n<h3><strong><span style=\"color: #e02b20;\"><\/span><\/strong><\/h3>\n<h3><strong><span style=\"color: #e02b20;\"><\/span><\/strong><\/h3>\n<h3><strong><span style=\"color: #e02b20;\"><\/span><\/strong><\/h3>\n<h3><strong><span style=\"color: #e02b20;\"><\/span><\/strong><\/h3>\n<h3><strong><span style=\"color: #e02b20;\"><\/span><\/strong><\/h3>\n<h3><strong><span style=\"color: #e02b20;\"><\/span><\/strong><\/h3>\n<h1 style=\"text-align: center;\"><span style=\"font-family: Acme; font-weight: normal;\"><strong><span style=\"color: #e02b20;\">Arriv\u00e9e tardive <\/span><\/strong><\/span><\/h1>\n<h1 style=\"text-align: center;\"><span style=\"font-family: Acme; font-weight: normal;\"><strong><span style=\"color: #e02b20;\">ou <\/span><\/strong><\/span><\/h1>\n<h1 style=\"text-align: center;\"><span style=\"font-family: Acme; font-weight: normal;\"><strong><span style=\"color: #e02b20;\">d\u00e9part anticipatif<\/span><\/strong><\/span><\/h1>\n<p>[\/et_pb_text][\/et_pb_column][et_pb_column type=\u00a0\u00bb1_3&Prime; _builder_version=\u00a0\u00bb4.6.1&Prime; _module_preset=\u00a0\u00bbdefault\u00a0\u00bb][et_pb_text _builder_version=\u00a0\u00bb4.6.1&Prime; _module_preset=\u00a0\u00bbdefault\u00a0\u00bb custom_padding=\u00a0\u00bb||0px|||\u00a0\u00bb link_option_url=\u00a0\u00bbhttps:\/\/www.cndp-erpent-fondamental.be\/wp-content\/uploads\/2020\/12\/Justificatif-arrivee-tardive-ou-depart-anticipe.pdf\u00a0\u00bb]<\/p>\n<h3 style=\"text-align: center;\"><strong>T\u00e9l\u00e9charger le document <\/strong><\/h3>\n<h3 style=\"text-align: center;\"><strong>d&rsquo;Erpent<\/strong><\/h3>\n<p>[\/et_pb_text][et_pb_image src=\u00a0\u00bbhttps:\/\/www.cndp-erpent-fondamental.be\/wp-content\/uploads\/2020\/12\/Justificatif-arrivee-tardive-ou-depart-anticipe-pdf.jpg\u00a0\u00bb title_text=\u00a0\u00bbJustificatif arriv\u00e9e tardive ou d\u00e9part anticip\u00e9\u00a0\u00bb url=\u00a0\u00bbhttps:\/\/www.cndp-erpent-fondamental.be\/wp-content\/uploads\/2020\/12\/Justificatif-arrivee-tardive-ou-depart-anticipe.pdf\u00a0\u00bb _builder_version=\u00a0\u00bb4.6.1&Prime; _module_preset=\u00a0\u00bbdefault\u00a0\u00bb width=\u00a0\u00bb60%\u00a0\u00bb][\/et_pb_image][\/et_pb_column][et_pb_column type=\u00a0\u00bb1_3&Prime; _builder_version=\u00a0\u00bb4.6.1&Prime; _module_preset=\u00a0\u00bbdefault\u00a0\u00bb][et_pb_text _builder_version=\u00a0\u00bb4.6.1&Prime; _module_preset=\u00a0\u00bbdefault\u00a0\u00bb link_option_url=\u00a0\u00bbhttps:\/\/www.cndp-erpent-fondamental.be\/wp-content\/uploads\/2021\/01\/Justificatif-arrivee-tardive-ou-depart-anticipe-PCG.pdf\u00a0\u00bb hover_enabled=\u00a0\u00bb0&Prime; sticky_enabled=\u00a0\u00bb0&Prime;]<\/p>\n<h3 style=\"text-align: center;\"><strong>T\u00e9l\u00e9charger le document\u00a0<\/strong><\/h3>\n<h3 style=\"text-align: center;\"><strong style=\"font-size: 20px;\">du Petit Coll\u00e8ge de Godinne<\/strong><\/h3>\n<p>[\/et_pb_text][et_pb_image src=\u00a0\u00bbhttps:\/\/www.cndp-erpent-fondamental.be\/wp-content\/uploads\/2021\/01\/Justificatif-arrivee-tardive-ou-depart-anticipe-PCG-pdf.jpg\u00a0\u00bb title_text=\u00a0\u00bbJustificatif arriv\u00e9e tardive ou d\u00e9part anticip\u00e9 PCG\u00a0\u00bb url=\u00a0\u00bbhttps:\/\/www.cndp-erpent-fondamental.be\/wp-content\/uploads\/2021\/01\/Justificatif-arrivee-tardive-ou-depart-anticipe-PCG.pdf\u00a0\u00bb _builder_version=\u00a0\u00bb4.6.1&Prime; _module_preset=\u00a0\u00bbdefault\u00a0\u00bb width=\u00a0\u00bb60%\u00a0\u00bb hover_enabled=\u00a0\u00bb0&Prime; sticky_enabled=\u00a0\u00bb0&Prime;][\/et_pb_image][\/et_pb_column][\/et_pb_row][\/et_pb_section]<\/p>\n","protected":false},"excerpt":{"rendered":"<p>[et_pb_section fb_built=\u00a0\u00bb1&Prime; _builder_version=\u00a0\u00bb4.6.1&Prime; _module_preset=\u00a0\u00bbdefault\u00a0\u00bb background_color=\u00a0\u00bbrgba(0,0,0,0)\u00a0\u00bb hover_enabled=\u00a0\u00bb0&Prime; sticky_enabled=\u00a0\u00bb0&Prime;][et_pb_row column_structure=\u00a0\u00bb1_3,1_3,1_3&Prime; _builder_version=\u00a0\u00bb4.6.1&Prime; _module_preset=\u00a0\u00bbdefault\u00a0\u00bb][et_pb_column type=\u00a0\u00bb1_3&Prime; _builder_version=\u00a0\u00bb4.6.1&Prime; _module_preset=\u00a0\u00bbdefault\u00a0\u00bb][et_pb_text _builder_version=\u00a0\u00bb4.6.1&Prime; _module_preset=\u00a0\u00bbdefault\u00a0\u00bb inline_fonts=\u00a0\u00bbAcme\u00a0\u00bb] Justificatif d&rsquo;absence d&rsquo;un jour et plus [\/et_pb_text][\/et_pb_column][et_pb_column type=\u00a0\u00bb1_3&Prime; _builder_version=\u00a0\u00bb4.6.1&Prime; _module_preset=\u00a0\u00bbdefault\u00a0\u00bb][et_pb_text _builder_version=\u00a0\u00bb4.6.1&Prime; _module_preset=\u00a0\u00bbdefault\u00a0\u00bb background_enable_image=\u00a0\u00bboff\u00a0\u00bb text_orientation=\u00a0\u00bbcenter\u00a0\u00bb link_option_url=\u00a0\u00bbhttps:\/\/www.cndp-erpent-fondamental.be\/wp-content\/uploads\/2020\/12\/Justificatif-dabsence-new.pdf\u00a0\u00bb] T\u00e9l\u00e9charger le document d&rsquo;Erpent [\/et_pb_text][et_pb_image src=\u00a0\u00bbhttps:\/\/www.cndp-erpent-fondamental.be\/wp-content\/uploads\/2020\/12\/Justificatif-dabsence-new-pdf.jpg\u00a0\u00bb title_text=\u00a0\u00bbJustificatif d&rsquo;absence new\u00a0\u00bb url=\u00a0\u00bbhttps:\/\/www.cndp-erpent-fondamental.be\/wp-content\/uploads\/2020\/12\/Justificatif-dabsence-new.pdf\u00a0\u00bb _builder_version=\u00a0\u00bb4.6.1&Prime; _module_preset=\u00a0\u00bbdefault\u00a0\u00bb width=\u00a0\u00bb60%\u00a0\u00bb][\/et_pb_image][\/et_pb_column][et_pb_column type=\u00a0\u00bb1_3&Prime; _builder_version=\u00a0\u00bb4.6.1&Prime; _module_preset=\u00a0\u00bbdefault\u00a0\u00bb][et_pb_text _builder_version=\u00a0\u00bb4.6.1&Prime; _module_preset=\u00a0\u00bbdefault\u00a0\u00bb link_option_url=\u00a0\u00bbhttps:\/\/www.cndp-erpent-fondamental.be\/wp-content\/uploads\/2021\/01\/Justificatif-dabsence-new-PCG.pdf\u00a0\u00bb hover_enabled=\u00a0\u00bb0&Prime; sticky_enabled=\u00a0\u00bb0&Prime;] T\u00e9l\u00e9charger le document\u00a0 [&hellip;]<\/p>\n","protected":false},"author":2,"featured_media":0,"parent":0,"menu_order":0,"comment_status":"closed","ping_status":"closed","template":"","meta":{"_et_pb_use_builder":"on","_et_pb_old_content":"<!-- wp:divi\/placeholder \/-->","_et_gb_content_width":""},"yoast_head":"<!-- This site is optimized with the Yoast SEO plugin v15.7 - https:\/\/yoast.com\/wordpress\/plugins\/seo\/ -->\n<title>Fiche absence \u00e9l\u00e8ve(s) - CNDP<\/title>\n<meta name=\"robots\" content=\"noindex, follow\" \/>\n<meta property=\"og:locale\" content=\"fr_FR\" \/>\n<meta property=\"og:type\" content=\"article\" \/>\n<meta property=\"og:title\" content=\"Fiche absence \u00e9l\u00e8ve(s) - CNDP\" \/>\n<meta property=\"og:description\" content=\"[et_pb_section fb_built=\u00a0\u00bb1&Prime; _builder_version=\u00a0\u00bb4.6.1&Prime; _module_preset=\u00a0\u00bbdefault\u00a0\u00bb background_color=\u00a0\u00bbrgba(0,0,0,0)\u00a0\u00bb hover_enabled=\u00a0\u00bb0&Prime; sticky_enabled=\u00a0\u00bb0&Prime;][et_pb_row column_structure=\u00a0\u00bb1_3,1_3,1_3&Prime; _builder_version=\u00a0\u00bb4.6.1&Prime; _module_preset=\u00a0\u00bbdefault\u00a0\u00bb][et_pb_column type=\u00a0\u00bb1_3&Prime; _builder_version=\u00a0\u00bb4.6.1&Prime; _module_preset=\u00a0\u00bbdefault\u00a0\u00bb][et_pb_text _builder_version=\u00a0\u00bb4.6.1&Prime; _module_preset=\u00a0\u00bbdefault\u00a0\u00bb inline_fonts=\u00a0\u00bbAcme\u00a0\u00bb] Justificatif d&rsquo;absence d&rsquo;un jour et plus [\/et_pb_text][\/et_pb_column][et_pb_column type=\u00a0\u00bb1_3&Prime; _builder_version=\u00a0\u00bb4.6.1&Prime; _module_preset=\u00a0\u00bbdefault\u00a0\u00bb][et_pb_text _builder_version=\u00a0\u00bb4.6.1&Prime; _module_preset=\u00a0\u00bbdefault\u00a0\u00bb background_enable_image=\u00a0\u00bboff\u00a0\u00bb text_orientation=\u00a0\u00bbcenter\u00a0\u00bb link_option_url=\u00a0\u00bbhttps:\/\/www.cndp-erpent-fondamental.be\/wp-content\/uploads\/2020\/12\/Justificatif-dabsence-new.pdf\u00a0\u00bb] T\u00e9l\u00e9charger le document d&rsquo;Erpent [\/et_pb_text][et_pb_image src=\u00a0\u00bbhttps:\/\/www.cndp-erpent-fondamental.be\/wp-content\/uploads\/2020\/12\/Justificatif-dabsence-new-pdf.jpg\u00a0\u00bb title_text=\u00a0\u00bbJustificatif d&rsquo;absence new\u00a0\u00bb url=\u00a0\u00bbhttps:\/\/www.cndp-erpent-fondamental.be\/wp-content\/uploads\/2020\/12\/Justificatif-dabsence-new.pdf\u00a0\u00bb _builder_version=\u00a0\u00bb4.6.1&Prime; _module_preset=\u00a0\u00bbdefault\u00a0\u00bb width=\u00a0\u00bb60%\u00a0\u00bb][\/et_pb_image][\/et_pb_column][et_pb_column type=\u00a0\u00bb1_3&Prime; _builder_version=\u00a0\u00bb4.6.1&Prime; _module_preset=\u00a0\u00bbdefault\u00a0\u00bb][et_pb_text _builder_version=\u00a0\u00bb4.6.1&Prime; _module_preset=\u00a0\u00bbdefault\u00a0\u00bb link_option_url=\u00a0\u00bbhttps:\/\/www.cndp-erpent-fondamental.be\/wp-content\/uploads\/2021\/01\/Justificatif-dabsence-new-PCG.pdf\u00a0\u00bb hover_enabled=\u00a0\u00bb0&Prime; sticky_enabled=\u00a0\u00bb0&Prime;] T\u00e9l\u00e9charger le document\u00a0 [&hellip;]\" \/>\n<meta property=\"og:url\" content=\"https:\/\/www.cndp-erpent-fondamental.be\/index.php\/fiche-absence-eleves\/\" \/>\n<meta property=\"og:site_name\" content=\"CNDP\" \/>\n<meta property=\"article:publisher\" content=\"https:\/\/www.facebook.com\/ErpentCNDP\" \/>\n<meta property=\"article:modified_time\" content=\"2023-12-05T12:07:46+00:00\" \/>\n<meta name=\"twitter:card\" content=\"summary_large_image\" \/>\n<meta name=\"twitter:label1\" content=\"Dur\u00e9e de lecture est.\">\n\t<meta name=\"twitter:data1\" content=\"2 minutes\">\n<script type=\"application\/ld+json\" class=\"yoast-schema-graph\">{\"@context\":\"https:\/\/schema.org\",\"@graph\":[{\"@type\":\"WebSite\",\"@id\":\"https:\/\/www.cndp-erpent-fondamental.be\/#website\",\"url\":\"https:\/\/www.cndp-erpent-fondamental.be\/\",\"name\":\"CNDP\",\"description\":\"Coll\\u00e8ge notre dame de la paix\",\"potentialAction\":[{\"@type\":\"SearchAction\",\"target\":\"https:\/\/www.cndp-erpent-fondamental.be\/?s={search_term_string}\",\"query-input\":\"required name=search_term_string\"}],\"inLanguage\":\"fr-FR\"},{\"@type\":\"WebPage\",\"@id\":\"https:\/\/www.cndp-erpent-fondamental.be\/index.php\/fiche-absence-eleves\/#webpage\",\"url\":\"https:\/\/www.cndp-erpent-fondamental.be\/index.php\/fiche-absence-eleves\/\",\"name\":\"Fiche absence \\u00e9l\\u00e8ve(s) - CNDP\",\"isPartOf\":{\"@id\":\"https:\/\/www.cndp-erpent-fondamental.be\/#website\"},\"datePublished\":\"2020-09-30T12:42:37+00:00\",\"dateModified\":\"2023-12-05T12:07:46+00:00\",\"inLanguage\":\"fr-FR\",\"potentialAction\":[{\"@type\":\"ReadAction\",\"target\":[\"https:\/\/www.cndp-erpent-fondamental.be\/index.php\/fiche-absence-eleves\/\"]}]}]}<\/script>\n<!-- \/ Yoast SEO plugin. -->","_links":{"self":[{"href":"https:\/\/www.cndp-erpent-fondamental.be\/index.php\/wp-json\/wp\/v2\/pages\/241"}],"collection":[{"href":"https:\/\/www.cndp-erpent-fondamental.be\/index.php\/wp-json\/wp\/v2\/pages"}],"about":[{"href":"https:\/\/www.cndp-erpent-fondamental.be\/index.php\/wp-json\/wp\/v2\/types\/page"}],"author":[{"embeddable":true,"href":"https:\/\/www.cndp-erpent-fondamental.be\/index.php\/wp-json\/wp\/v2\/users\/2"}],"replies":[{"embeddable":true,"href":"https:\/\/www.cndp-erpent-fondamental.be\/index.php\/wp-json\/wp\/v2\/comments?post=241"}],"version-history":[{"count":18,"href":"https:\/\/www.cndp-erpent-fondamental.be\/index.php\/wp-json\/wp\/v2\/pages\/241\/revisions"}],"predecessor-version":[{"id":2556,"href":"https:\/\/www.cndp-erpent-fondamental.be\/index.php\/wp-json\/wp\/v2\/pages\/241\/revisions\/2556"}],"wp:attachment":[{"href":"https:\/\/www.cndp-erpent-fondamental.be\/index.php\/wp-json\/wp\/v2\/media?parent=241"}],"curies":[{"name":"wp","href":"https:\/\/api.w.org\/{rel}","templated":true}]}}